 - 9*o**2. Let c be b(3). Suppose 0 = -k + c + 21. What are the prime factors of k?
2, 7
Let h(u) = u**3 - 17*u**2 + 27*u + 18. List the prime factors of h(17).
3, 53
Let x(u) = -9*u**3 - 9*u**2 - 28*u - 13. What are the prime factors of x(-4)?
3, 59
Let p(c) = c**3 + 3*c**2 - 4*c + 4. Let g be p(-4). Suppose -3*z + 9 = 0, 0 = -g*b - z - 2*z + 877. What are the prime factors of b?
7, 31
Let o = -10 - 11. Let i = o + 76. What are the prime factors of i?
5, 11
Let r = -12 - -7. Let a = 3 + r. List the prime factors of (156/a)/(-3) + -2.
2, 3
Let p(w) = w**2 + 5*w + 12. Let a be p(-5). Suppose a*h - 3*h - 216 = 0. List the prime factors of h.
2, 3
Let g(u) = -u**3 - 4*u + 13 - 8*u**3 - 4*u**2 + 8*u**3. List the prime factors of g(-6).
109
Let v be (-2)/(-12) - (-5)/6. Let w(a) = 94*a**3 + 2*a**2 + a - 2. Let c be w(v). Suppose 153 = 4*n - c. List the prime factors of n.
2, 31
Let h be (-1)/((-4)/(-718)) - 12/(-24). Let u = -96 - h. List the prime factors of u.
83
Let c = -886 + 2037. What are the prime factors of c?
1151
Let l be (-1*3)/(0 + (-12)/1084). Let w = l - 161. List the prime factors of w.
2, 5, 11
Suppose -10 = -l - 5*k, l + 4*k - 8 = 3*l. Suppose -5*i - 5*p + 57 = -103, l = -i - 3*p + 40. What are the prime factors of i?
2, 7
Let r(x) = x + 7. Let f be r(-6). Let v be (f - 1/2)*-4. List the prime factors of (-1 + v)/((-21)/70).
2, 5
Suppose 5*l - 74 = 4*n, 6*l - 2*l + 5*n = 51. Let o = 71 - l. List the prime factors of o.
3, 19
List the prime factors of -6 - 171/(-27) - (-497)/3.
2, 83
Let w be 32/56 + 11/(-7). Let k be (-6)/6*(w + 2). List the prime factors of k + 32 - 6/3.
29
Let r(g) be the first derivative of g**4/4 + 4*g**3 + 21*g**2/2 + 7*g + 11. List the prime factors of r(-9).
61
Suppose 3 = -t + 12. Suppose t + 21 = 3*w. List the prime factors of 25/w + (-1)/2.
2
Suppose -4*n - 4*j = 1 + 7, -5*n + 2*j + 4 = 0. Suppose n = 4*z - 2*z - 54. List the prime factors of z.
3
Let k(v) be the second derivative of 7*v**4/12 - 8*v**3/3 - 7*v**2/2 - 4*v. What are the prime factors of k(5)?
2, 11
List the prime factors of 949 - -4*(-12)/(-6).
3, 11, 29
Let w be 7/(-4)*(0 - 4). Let b = w - -1. List the prime factors of b.
2
Let a be ((-2)/(-8))/(2/24). Let v(w) be the third derivative of -w**5/60 + w**4/6 - w**3/6 + 2*w**2. What are the prime factors of v(a)?
2
Let i = -1932 - -1007. What are the prime factors of (-25 + 0)*i/125?
5, 37
Let w(j) = -168*j**3 + j**2 - j + 2. List the prime factors of w(-2).
2, 13
Suppose -4*j + f + 15 = 0, 4*f - 21 + 1 = 0. Suppose 4*z - 4 = -o, 4*z - 7 = -3*o + j. Suppose o*r = 118 + 46. What are the prime factors of r?
41
Let o = 48 - 32. Let a = -261 + 253. Let m = a + o. What are the prime factors of m?
2
Suppose 10*m = 14*m - 3616. List the prime factors of m.
2, 113
Let n be 1/(4*3/3636). Suppose 5*l - 189 = -2*m - 0*l, 4*m - n = 5*l. Let v = -56 + m. What are the prime factors of v?
2, 13
Let x be (-2)/3 - 234/(-27). Suppose 2*q = -4*d + 198, 3 - x = q. What are the prime factors of d?
2, 13
Suppose 0*p - 2*p + 8 = 0. Suppose -7 = -p*k + 3*k. Suppose -3*c = -k*c + 8. What are the prime factors of c?
2
Let j = -90 + 114. What are the prime factors of j?
2, 3
Suppose 2*m + 46 = a, -m + 0*m + 4*a - 37 = 0. Let c = 23 + m. Suppose 4*u = c*u + 6. List the prime factors of u.
3
Let d be (15/(-45))/((-2)/(-6)). List the prime factors of 18 + -8 - d/(1 - 0).
11
Let g = 462 - 291. Suppose 5*d = g + 129. What are the prime factors of d?
2, 3, 5
Suppose 9*b - 8*b = 4. Suppose 82 = 5*l + 3*r, l - r = b*r + 22. What are the prime factors of l?
17
Let q be 22/10 - (-5)/(-25). Suppose -3*x + 1340 = q*x. Suppose x = 4*f - 3*o, 2*o - 46 = -3*f + 138. What are the prime factors of f?
2
Suppose -9*q - 48 = -b - 6*q, 0 = 2*b - 2*q - 84. List the prime factors of b.
3, 13
What are the prime factors of 918/18 + (13 - 4)?
2, 3, 5
Let r(z) = z**2 + 15*z - 227. What are the prime factors of r(-26)?
59
Suppose 2*i + 98 = -0*s + 3*s, 0 = -3*i - 2*s - 173. Let h = i - -60. List the prime factors of h.
5
Let l(j) = 5 - 4 - j**3 + j**2 + j**2. Let k be l(2). Let r(s) = 52*s - 2. What are the prime factors of r(k)?
2, 5
Let o = -3093 + 4765. List the prime factors of o.
2, 11, 19
List the prime factors of (-4)/(-28) + (-243)/(-63) - -5485.
11, 499
Suppose z + 33 = -3*p - 5, -3*p - 43 = 2*z. Let y = p + 15. Suppose 5 = x - n, -3*n + 3 - y = -x. What are the prime factors of x?
7
Let f be -3 + (-2)/(6/(-3)). Let m be 1*2*(0 - f). Suppose -98 = -3*i - 2*i - m*l, -3*i = -l - 69. List the prime factors of i.
2, 11
Suppose -4*y = -6*y + 10. Suppose -77 = y*z - 37. Let h = 13 + z. What are the prime factors of h?
5
Let f = -10 + 21. Suppose -4*n - f - 17 = 0. Let o(b) = b**2 + 4*b - 13. List the prime factors of o(n).
2
Suppose -z = 0, -4*z - 251 = -5*i + 69. Suppose -i = -m - 3*m. What are the prime factors of m?
2
Suppose 0*k = -4*k - 12. Let g be 1/k*(-72)/4. Suppose -2*l = 5*t - 18 - 24, -t = l - g. What are the prime factors of t?
2, 5
Let z be (-1978)/(((-28)/8)/7*4). Suppose 451 - 47 = 2*c - 2*y, 2*y = -5*c + z. What are the prime factors of c?
199
Let x = 350 + 116. What are the prime factors of x?
2, 233
Suppose -9*v + 9 = -9. Suppose -2*m - v*m = -292. What are the prime factors of m?
73
Let z(g) = -g**3 - 4*g**2 + 4*g + 4. Let a be z(-5). Let w be -3*(-3)/a*0. Suppose w = b + b - 5*h - 11, -3*b + h = -23. What are the prime factors of b?
2
Let m(k) = 14*k**2 - 23*k + 24. What are the prime factors of m(10)?
2, 3, 199
Let o(h) = 19*h**2 + 3*h + 121. What are the prime factors of o(-11)?
7, 11, 31
Suppose -3*y = 4*a + 108, -3*y = y - a + 125. Let w be ((-36)/21)/(4/(-126)). Let g = w + y. What are the prime factors of g?
2, 11
Let k = -1 + 12. Suppose -3*h + h - 12 = 5*b, 5*h + 3*b + k = 0. Let a(p) = -23*p**3 + p**2 + p + 1. List the prime factors of a(h).
2, 3
Suppose 3*u - 2*f + 0*f = 21, 5*u = -3*f + 35. Suppose u*z = 19 + 86. What are the prime factors of z?
3, 5
List the prime factors of ((-2489)/(-38))/(1/4).
2, 131
Let d(u) = -70*u**3 - u**2 + 4*u + 3. List the prime factors of d(-2).
19, 29
Let y(t) = t**2 + 14*t - 24. Let u(b) = -5*b**2 - 71*b + 121. Let k(d) = 2*u(d) + 11*y(d). What are the prime factors of k(-17)?
3, 7
Suppose 366 = 6*o + 4*d, 129 = 2*o - 4*d + 3*d. List the prime factors of o.
3, 7
Suppose -48 = -2*m + 24. Let t(l) = -l**2 + 6*l - 1. Let i be t(5). Suppose -i*a + 4*c + m = 6*c, 2*a - 10 = c. What are the prime factors of a?
7
Suppose 4*r - r = 6. Suppose 0 = 3*g + g - 36. List the prime factors of (g - -18)*r/3.
2, 3
Suppose -2930 - 271 = -3*z. List the prime factors of z.
11, 97
Let m(a) = a**3 + 7*a**2 + 8*a + 14. Let d be m(-5). Let o be (6/(-18))/((-2)/d). Suppose v - o*v = -81. What are the prime factors of v?
3
Suppose -4*q - 546 = -2*l, -3*l - 4*q = -3*q - 819. Suppose -l = -5*z - 23. Suppose -2*j = -7*j + z. List the prime factors of j.
2, 5
Let z(p) = -7*p - 6. Let o(l) be the third derivative of l**3/6 - 4*l**2. Let v(i) = -3*o(i) + z(i). List the prime factors of v(-6).
3, 11
Suppose 1174 = 12*d - 122. What are the prime factors of d?
2, 3
Let d(l) = 7*l - 27. Let p be d(4). Suppose 4*n = -2*q + 442, 0 = 2*n + p - 7. List the prime factors of q.
5, 43
Suppose 13*f = 15*f. Suppose f = -2*m + 29 + 93. List the prime factors of m.
61
Let i be (-118)/(-14) - 18/42. Let o = i - 4. List the prime factors of o.
2
Suppose 0 = -k - 5*m + 1513, 3*k = -13*m + 11*m + 4513. List the prime factors of k.
3, 167
Let s(y) = -y - 14. Let v be s(-11). List the prime factors of 10*v*(-45)/18.
3, 5
Let a = -9 + 6. What are the prime factors of -25*((-18)/(-15))/a?
2, 5
List the prime factors of 23*(49 - 5) + 5.
3, 113
Let z be 153 - 4/(-5)*30/(-12). Let a = 296 - z. What are the prime factors of a?
5, 29
Let x = 80 - -355. List the prime factors of (4/(-6))/((-5)/x).
2, 29
Suppose d = -3*d - 4. List the prime factors of (-55)/(d - 0/2).
5, 11
Let j be 510/9 + 3/9. Suppose 0 = -2*g + 51 + j. List the prime factors of g.
2, 3
Suppose -3*y - 52 + 3178 = 2*v, -2*y + v = -2077. List the prime factors of y.
2, 5, 13
Suppose 4*z = a - 3*a + 328, -5*a + 852 = 2*z. Let s = a - 97. List the prime factors of s.
3, 5
Let q(i) = -i**3 - i**2 - i. Let f(n) = -5*n**3 - 15*n**2 - 8*n + 13. Let t(g) = -f(g) + 6*q(g). List 